t t(x) = -3*x**3 + 14*x**2 + 150*x - 139. What is t(13)?
-2414
Let v(b) = 10759*b + 161417. What is v(-15)?
32
Let f(q) = -45397*q - 181775. Give f(-4).
-187
Let b(d) = 330*d**2 + 379*d + 381. Calculate b(-1).
332
Let k(m) = -m**3 + 24*m**2 - 259*m + 1913. Calculate k(16).
-183
Let c(d) = -9*d**2 + 1560*d + 45819. What is c(199)?
-150
Let g(z) = z**3 - 36*z**2 - 22589*z + 813198. Determine g(36).
-6
Let f(r) = r**2 + 1637*r - 65434. What is f(39)?
-70
Let b(y) = -57*y**3 + 6*y**2 - 84*y + 129. Calculate b(2).
-471
Let u(x) = 384*x**2 - 14416*x - 43244. Determine u(-3).
3460
Let u(l) = -7*l**3 + 567*l**2 + 576*l - 152. Calculate u(82).
12
Let b(u) = -205889*u - 4941338. Calculate b(-24).
-2
Let x(p) = p**2 - 126*p - 26307. Calculate x(237).
0
Let l(n) = 7*n**3 - 3018*n**2 - 2411*n - 78211. Give l(432).
-19
Let x(z) = -260*z - 45762. Give x(-176).
-2
Let t(b) = -2*b**2 + 1782*b + 14357. Give t(-8).
-27
Let y(l) = -162*l**2 + 450*l + 133. Give y(3).
25
Let r(d) = d**3 + 32326*d**2 + 420072*d + 21. What is r(-13)?
-18
Let z(g) = -3*g**2 - 115*g - 882. Determine z(-49).
-2450
Let u(q) = -q**3 - 86*q**2 + 902*q + 1358. Calculate u(-95).
-3107
Let h(g) = -1593*g + 659495. Determine h(414).
-7
Let o(z) = -z**3 - 756*z**2 + 5349*z - 10. Give o(7).
46
Let z(k) = k**3 + 597*k**2 + 22286*k - 35. Calculate z(-40).
-275
Let p(r) = 844*r + 64657. What is p(-74)?
2201
Let f(q) = 68734*q + 4398978. Calculate f(-64).
2
Let y(g) = -131*g - 1721. Calculate y(-12).
-149
Let v(m) = -419197*m + 1257581. Give v(3).
-10
Let f(c) = 1360*c + 5439. Calculate f(-4).
-1
Let u(v) = -103*v - 1373. What is u(-10)?
-343
Let s(o) = 67611*o - 22244006. What is s(329)?
13
Let f(o) = -10052*o + 120610. Give f(12).
-14
Let i(n) = 8*n**2 + 329*n - 479. Calculate i(-42).
-185
Let s(o) = 18445*o + 73844. What is s(-4)?
64
Let v(c) = c**3 - 17*c**2 - 1824*c + 20804. Determine v(11).
14
Let g(l) = -16*l**2 - 415*l + 40. What is g(-26)?
14
Let y(i) = 10*i**2 - 218*i - 734. What is y(25)?
66
Let o(c) = 4612*c - 327469. Calculate o(71).
-17
Let j(f) = f**2 + 1448*f + 359354. Calculate j(-318).
14
Let l(u) = u**3 - 237*u**2 + 679*u + 5391. Determine l(234).
9
Let p(t) = 2*t**2 + 150*t - 1068. Calculate p(6).
-96
Let z(p) = -3142*p - 30486. What is z(-10)?
934
Let o(t) = -6*t**2 + 344*t + 2317. What is o(-6)?
37
Let r(s) = 79*s**3 - 11*s**2 + 164*s + 175. Give r(-1).
-79
Let d(m) = -13*m**2 - 16*m + 75. Determine d(4).
-197
Let r(l) = l**2 - 540*l + 3192. Calculate r(534).
-12
Let a(g) = -397*g**2 - 2784*g + 174. Determine a(-7).
209
Let l(q) = 2*q**2 - 251*q - 4501. What is l(141)?
-130
Let u(w) = -6*w**2 + 2306*w + 15644. What is u(391)?
4
Let b(l) = -3*l**3 - 2078*l**2 + 14686*l + 37. Determine b(7).
-12
Let k(d) = -d**3 - 11*d**2 + 15779*d + 204805. Calculate k(-13).
16
Let h(i) = 3*i**3 - 6*i**2 + i - 93. Calculate h(6).
345
Let k(a) = -2*a**3 + 14*a**2 - 10*a + 133. Determine k(11).
-945
Let p(y) = -y**3 - 212*y**2 - 8098*y + 722. Determine p(-162).
398
Let a(i) = i**3 - 57*i**2 + 15628*i - 929013. What is a(59)?
1
Let r(o) = o**2 + 147*o + 112. What is r(-151)?
716
Let s(w) = 203*w**2 - 780*w - 887. Calculate s(5).
288
Let p(c) = -4699*c + 1231235. Determine p(262).
97
Let f(y) = 29277*y + 3132657. What is f(-107)?
18
Let j(q) = -3*q**3 - 530*q**2 + 3601*q + 1785. Calculate j(7).
-7
Let d(k) = -980*k + 125433. What is d(128)?
-7
Let g(u) = -1204*u - 57651. What is g(-47)?
-1063
Let a(s) = -384*s**2 - 952*s + 590. Give a(-3).
-10
Let v(d) = -3*d**2 - 39170*d - 39166. Determine v(-1).
1
Let z(h) = h**3 - 281*h**2 + 5842*h + 23713. Give z(258).
-23
Let r(n) = -290247*n + 4063438. What is r(14)?
-20
Let z(s) = -689*s + 232227. Calculate z(337).
34
Let k(y) = -3*y**3 + 168*y**2 - 123*y - 2148. What is k(55)?
162
Let t(n) = -36*n + 6297. Determine t(149).
933
Let b(f) = -4*f**2 - 557*f + 995. What is b(-141)?
8
Let g(p) = -1498*p + 20591. What is g(14)?
-381
Let w(r) = -6*r**3 - 4*r**2 - 1445*r + 1450. Determine w(1).
-5
Let m(r) = -r**3 + 44*r**2 - 7*r + 698. Give m(44).
390
Let t(a) = -218*a - 928. What is t(-4)?
-56
Let i(v) = -1102*v**2 + 185*v - 6. Calculate i(1).
-923
Let l(b) = -705*b + 4984. Calculate l(7).
49
Let w(m) = -35*m**2 + 42505*m + 280828. Calculate w(1221).
-2
Let d(b) = 2*b**3 - 231*b**2 - 359*b + 840. Calculate d(117).
-96
Let p(k) = -3613*k + 812921. Determine p(225).
-4
Let p(z) = -2*z**3 + z**2 + 1193*z - 8084. Give p(7).
-370
Let s(l) = -21*l - 3138. Give s(-122).
-576
Let p(i) = -1024*i**2 - 27*i - 19. Give p(1).
-1070
Let z(j) = -7*j**2 - 69*j + 79. Calculate z(-25).
-2571
Let t(h) = -23988*h + 144255. Determine t(6).
327
Let r(k) = k**3 + 99*k**2 - 306*k + 1. What is r(-102)?
1
Let w(m) = -310647*m - 1863869. Calculate w(-6).
13
Let c(y) = 19*y + 2341. Give c(-84).
745
Let v(z) = -1807689*z + 5423064. What is v(3)?
-3
Let m(h) = -h**3 - 77*h**2 - 46*h - 3684. Give m(-77).
-142
Let w(s) = -s**3 - 144*s**2 + 143*s - 113. What is w(-145)?
177
Let v(f) = -96*f**2 + 1280*f - 59. Calculate v(13).
357
Let r(n) = 4*n**2 + 83*n - 301. Give r(-30).
809
Let n(o) = 34*o**2 - 62131*o + 62094. What is n(1)?
-3
Let a(j) = 2*j**3 - 380*j**2 + 293*j + 16186. What is a(189)?
121
Let l(y) = -2*y**2 - 84*y - 537. What is l(-8)?
7
Let m(r) = 113*r**2 + 15709*r + 291. Give m(-139).
13
Let x(a) = -a**3 - 51*a**2 + 16*a + 1126. What is x(-51)?
310
Let k(g) = -39*g**2 + 3280*g - 166. Calculate k(85).
-3141
Let p(v) = -58*v**2 + 1055*v - 392. Calculate p(17).
781
Let g(r) = 4*r**2 + 21328*r + 106557. Determine g(-5).
17
Let o(c) = 2*c**3 - 173*c**2 + 2243*c + 198. Calculate o(16).
-10
Let a(n) = 4*n**2 + 1345*n - 19669. What is a(14)?
-55
Let j(l) = -2*l**3 + 923*l**2 + 2321*l - 570. Calculate j(464).
-106
Let a(f) = 388506*f - 2331029. Give a(6).
7
Let x(o) = o**2 + 545*o + 36861. Calculate x(-79).
47
Let m(a) = -a**3 + 520*a**2 - 63542*a + 7479. Give m(196).
31
Let h(r) = -22*r**3 + 1732*r**2 + 487*r - 1033. What is h(79)?
-6
Let t(f) = 7*f**2 + 222*f + 42. Calculate t(-27).
-849
Let l(j) = -j**3 - 141*j**2 + 471*j + 5577. What is l(-144)?
-39
Let l(p) = -2206*p**2 + 105763*p + 5996. Give l(48).
-4
Let s(h) = h**2 - 553*h - 14118. Calculate s(-24).
-270
Let k(j) = 1009146*j - 6054871. Calculate k(6).
5
Let w(a) = 21575*a + 2761544. Calculate w(-128).
-56
Let d(g) = -g**3 + 7*g**2 - 5186*g + 115080. Give d(21).
0
Let r(b) = -2*b**3 + 9134*b**2 - 91147*b + 68. Give r(10).
-2
Let p(i) = -1719709*i - 30954758. Calculate p(-18).
4
Let l(c) = c**3 + 333*c**2 + 1349*c + 152. Calculate l(-4).
20
Let l(p) = p**2 - 422*p + 31268. Give l(96).
-28
Let q(i) = 166561*i + 1832165. Determine q(-11).
-6
Let f(m) = -9345*m - 5055638. Determine f(-541).
7
Let l(n) = -n**3 + 7*n**2 - 28862*n + 6. Determine l(0).
6
Let a(g) = -29*g**2 + 4238*g - 154719. What is a(75)?
6
Let d(u) = 14*u**3 - 24*u**2 - 31*u - 205. Calculate d(-5).
-2400
Let y(i) = 121*i - 56849. Give y(464).
-705
Let h(n) = -49*n - 19152. Calculate h(-382).
-434
Let z(m) = -3*m**3 + 6*m**2 + 183*m + 8. Calculate z(-7).
50
Let q(k) = -4324*k - 11736. Give q(-3).
1236
Let v(o) = 15*o**2 - 380*o + 551. Calculate v(24).
71
Let l(q) = -12106*q + 12163. What is l(1)?
57
Let w(z) = -z**3 + 142*z**2 - 4957*z - 115. Determine w(62).
71
Let j(z) = -5610*z**2 - 56087*z + 16. Give j(-10).
-114
Let k(f) = -15*f**2 + 1569*f - 1365. Determine k(106).
-3591
Let p(d) = 28*d**2 + 126*d + 315. Calculate p(-4).
259
Let i(d) = -2*d**3 - 191*d**2 + 183*d + 8327. What is i(-96)?
-25
Let d(z) = 94*z + 14606. Give d(-154).
130
Let j(w) = -25*w**2 - 2447*w + 308. Calculate j(-98).
14
Let c(d) = 11*d + 1789. Calculate c(-156).
73
Let v(m) = 919592*m - 4597953. Calculate v(5).
7
Let f(d) = 469*d**2 - 3512*d + 4184. Calculate f(6).
-4
Let f(c) = -14*c**2 - 753*c + 23647. Calculate f(-76).
11
Let o(r) = -126*r**3 + 92*r**2 + 48*r - 44. Give o(-1).
126
Let x(l) = 64*l**2 + 306*l + 20. Determine x(-3).
-322
Let s(f) = 1934*f - 42578. What is s(22)?
-30
Let p(k) = -8*k**3 + 147*k**2 + 2158*k - 33. Determine p(28).
23
Let h(d) = 107*d**2 - 11153*d + 13593. Calculate h(103).
-3
Let s(d) = 30*d**2 + 3538*d - 230. Calculate s(-118).
6
Let p(f) = 2*f**3 + 525*f**2 - 738*f + 14257. What is p(-264)?
1
Let v(i) = i**3 + 112*i**2 - 111*i + 796. Give v(-113).
570
Let k(b) = -2*b*